178.20.44.82 - - [29/Nov/2025:13:19:18 -0500] "GET /how-is-personal-data-defined-under-the-new-gdpr-provisions/ HTTP/1.0" 200 83705 "http://nowakowskilaw.com/how-is-personal-data-defined-under-the-new-gdpr-provisions/" "Mozilla/5.0 (Windows NT 10.0; Win64; x64) AppleWebKit/537.36 (KHTML, like Gecko) Chrome/131.0.0.0 Safari/537.36"
178.20.44.82 - - [29/Nov/2025:13:19:19 -0500] "GET /contactez-nous HTTP/1.0" 200 83705 "http://nowakowskilaw.com/contactez-nous" "Mozilla/5.0 (Windows NT 10.0; Win64; x64) AppleWebKit/537.36 (KHTML, like Gecko) Chrome/131.0.0.0 Safari/537.36"
67.201.39.14 - - [29/Nov/2025:13:19:20 -0500] "GET /addressing-the-common-legal-issues-of-podcasting/ HTTP/1.0" 200 83705 "http://nowakowskilaw.com/addressing-the-common-legal-issues-of-podcasting/" "Mozilla/5.0 (Windows NT 10.0; Win64; x64) AppleWebKit/537.36 (KHTML, like Gecko) Chrome/129.0.0.0 Safari/537.36"
67.201.39.14 - - [29/Nov/2025:13:19:42 -0500] "GET / HTTP/1.0" 200 83705 "http://nowakowskilaw.com/" "Mozilla/5.0 (Windows NT 10.0; Win64; x64) AppleWebKit/537.36 (KHTML, like Gecko) Chrome/129.0.0.0 Safari/537.36"
66.29.137.40 - - [29/Nov/2025:13:19:45 -0500] "POST /wp-cron.php?doing_wp_cron=1764440385.2347729206085205078125 HTTP/1.1" 200 0 "http://nowakowskilaw.com/wp-cron.php?doing_wp_cron=1764440385.2347729206085205078125" "WordPress/5.5.17; http://nowakowskilaw.com"
67.201.39.14 - - [29/Nov/2025:13:19:44 -0500] "GET /wp-login.php?action=register HTTP/1.0" 302 0 "http://nowakowskilaw.com/wp-login.php?action=register" "Mozilla/5.0 (Windows NT 10.0; Win64; x64) AppleWebKit/537.36 (KHTML, like Gecko) Chrome/129.0.0.0 Safari/537.36"
67.201.39.14 - - [29/Nov/2025:13:19:47 -0500] "GET /wp-login.php?registration=disabled HTTP/1.0" 200 7593 "http://nowakowskilaw.com/wp-login.php?registration=disabled" "Mozilla/5.0 (Windows NT 10.0; Win64; x64) AppleWebKit/537.36 (KHTML, like Gecko) Chrome/129.0.0.0 Safari/537.36"
178.20.44.82 - - [29/Nov/2025:13:20:13 -0500] "GET /how-is-personal-data-defined-under-the-new-gdpr-provisions/ HTTP/1.0" 200 83705 "http://nowakowskilaw.com/how-is-personal-data-defined-under-the-new-gdpr-provisions/" "Mozilla/5.0 (Windows NT 10.0; Win64; x64) AppleWebKit/537.36 (KHTML, like Gecko) Chrome/131.0.0.0 Safari/537.36"
178.20.44.82 - - [29/Nov/2025:13:20:14 -0500] "GET /contactez-nous HTTP/1.0" 200 83705 "http://nowakowskilaw.com/contactez-nous" "Mozilla/5.0 (Windows NT 10.0; Win64; x64) AppleWebKit/537.36 (KHTML, like Gecko) Chrome/131.0.0.0 Safari/537.36"
66.29.137.40 - - [29/Nov/2025:13:20:41 -0500] "POST /wp-cron.php?doing_wp_cron=1764440441.8268499374389648437500 HTTP/1.1" 200 0 "http://nowakowskilaw.com/wp-cron.php?doing_wp_cron=1764440441.8268499374389648437500" "WordPress/5.5.17; http://nowakowskilaw.com"
173.239.218.42 - - [29/Nov/2025:13:20:41 -0500] "POST /wp-login.php HTTP/1.1" 200 2503 "http://nowakowskilaw.com/wp-admin/" "Mozilla/5.0 (Windows NT 10.0; Win64; x64) AppleWebKit/537.36 (KHTML, like Gecko) Chrome/90.0.4430.85 Safari/537.36"
173.239.218.42 - - [29/Nov/2025:13:20:41 -0500] "POST /admin HTTP/1.1" 200 22464 "http://nowakowskilaw.com/wp-admin/" "Mozilla/5.0 (Windows NT 10.0; Win64; x64) AppleWebKit/537.36 (KHTML, like Gecko) Chrome/90.0.4430.85 Safari/537.36"
98.159.37.111 - - [29/Nov/2025:13:21:11 -0500] "POST /admin HTTP/1.1" 200 22464 "http://nowakowskilaw.com/wp-admin/" "Mozilla/5.0 (Windows NT 10.0; Win64; x64) AppleWebKit/537.36 (KHTML, like Gecko) Chrome/90.0.4430.85 Safari/537.36"
66.29.137.40 - - [29/Nov/2025:13:21:17 -0500] "POST /wp-cron.php?doing_wp_cron=1764440477.9206140041351318359375 HTTP/1.1" 200 0 "http://nowakowskilaw.com/wp-cron.php?doing_wp_cron=1764440477.9206140041351318359375" "WordPress/5.5.17; http://nowakowskilaw.com"
98.159.37.102 - - [29/Nov/2025:13:21:17 -0500] "POST /wp-login.php HTTP/1.1" 200 2503 "http://nowakowskilaw.com/wp-admin/" "Mozilla/5.0 (Windows NT 10.0; Win64; x64) AppleWebKit/537.36 (KHTML, like Gecko) Chrome/90.0.4430.85 Safari/537.36"
98.159.37.102 - - [29/Nov/2025:13:21:18 -0500] "POST /admin HTTP/1.1" 200 22464 "http://nowakowskilaw.com/wp-admin/" "Mozilla/5.0 (Windows NT 10.0; Win64; x64) AppleWebKit/537.36 (KHTML, like Gecko) Chrome/90.0.4430.85 Safari/537.36"
45.119.211.171 - - [29/Nov/2025:13:21:39 -0500] "GET /addressing-the-common-legal-issues-of-podcasting/ HTTP/1.0" 200 83705 "http://nowakowskilaw.com/addressing-the-common-legal-issues-of-podcasting/" "Mozilla/5.0 (Windows NT 10.0; Win64; x64) AppleWebKit/537.36 (KHTML, like Gecko) Chrome/130.0.0.0 Safari/537.36 CCleaner/130.0.0.0"
66.29.137.40 - - [29/Nov/2025:13:22:01 -0500] "POST /wp-cron.php?doing_wp_cron=1764440521.3010671138763427734375 HTTP/1.1" 200 0 "http://nowakowskilaw.com/wp-cron.php?doing_wp_cron=1764440521.3010671138763427734375" "WordPress/5.5.17; http://nowakowskilaw.com"
216.24.210.187 - - [29/Nov/2025:13:22:01 -0500] "POST /wp-login.php HTTP/1.1" 200 2503 "http://nowakowskilaw.com/wp-admin/" "Mozilla/5.0 (Windows NT 10.0; Win64; x64) AppleWebKit/537.36 (KHTML, like Gecko) Chrome/90.0.4430.85 Safari/537.36"
216.24.210.187 - - [29/Nov/2025:13:22:01 -0500] "POST /admin HTTP/1.1" 200 22464 "http://nowakowskilaw.com/wp-admin/" "Mozilla/5.0 (Windows NT 10.0; Win64; x64) AppleWebKit/537.36 (KHTML, like Gecko) Chrome/90.0.4430.85 Safari/537.36"
85.208.96.210 - - [29/Nov/2025:13:22:16 -0500] "GET /wp-includes/ms-blogs.php HTTP/1.1" 500 0 "-" "Mozilla/5.0 (compatible; SemrushBot/7~bl; +http://www.semrush.com/bot.html)"
185.191.171.9 - - [29/Nov/2025:13:22:21 -0500] "GET /wp-includes/error_log HTTP/1.1" 403 1242 "-" "Mozilla/5.0 (compatible; SemrushBot/7~bl; +http://www.semrush.com/bot.html)"
98.159.37.114 - - [29/Nov/2025:13:22:30 -0500] "POST /wp-login.php HTTP/1.1" 200 2503 "http://nowakowskilaw.com/wp-admin/" "Mozilla/5.0 (Windows NT 10.0; Win64; x64) AppleWebKit/537.36 (KHTML, like Gecko) Chrome/90.0.4430.85 Safari/537.36"
98.159.37.114 - - [29/Nov/2025:13:22:30 -0500] "POST /admin HTTP/1.1" 200 22464 "http://nowakowskilaw.com/wp-admin/" "Mozilla/5.0 (Windows NT 10.0; Win64; x64) AppleWebKit/537.36 (KHTML, like Gecko) Chrome/90.0.4430.85 Safari/537.36"
66.29.137.40 - - [29/Nov/2025:13:22:39 -0500] "POST /wp-cron.php?doing_wp_cron=1764440559.6483678817749023437500 HTTP/1.1" 200 0 "http://nowakowskilaw.com/wp-cron.php?doing_wp_cron=1764440559.6483678817749023437500" "WordPress/5.5.17; http://nowakowskilaw.com"
98.159.37.103 - - [29/Nov/2025:13:22:39 -0500] "POST /wp-login.php HTTP/1.1" 200 2496 "http://nowakowskilaw.com/wp-admin/" "Mozilla/5.0 (Windows NT 10.0; Win64; x64) AppleWebKit/537.36 (KHTML, like Gecko) Chrome/90.0.4430.85 Safari/537.36"
98.159.37.103 - - [29/Nov/2025:13:22:39 -0500] "POST /admin HTTP/1.1" 200 22464 "http://nowakowskilaw.com/wp-admin/" "Mozilla/5.0 (Windows NT 10.0; Win64; x64) AppleWebKit/537.36 (KHTML, like Gecko) Chrome/90.0.4430.85 Safari/537.36"
173.239.218.156 - - [29/Nov/2025:13:23:10 -0500] "POST /admin HTTP/1.1" 200 22458 "http://nowakowskilaw.com/wp-admin/" "Mozilla/5.0 (Windows NT 10.0; Win64; x64) AppleWebKit/537.36 (KHTML, like Gecko) Chrome/90.0.4430.85 Safari/537.36"
66.29.137.40 - - [29/Nov/2025:13:23:51 -0500] "POST /wp-cron.php?doing_wp_cron=1764440631.5141019821166992187500 HTTP/1.1" 200 0 "http://nowakowskilaw.com/wp-cron.php?doing_wp_cron=1764440631.5141019821166992187500" "WordPress/5.5.17; http://nowakowskilaw.com"
98.159.37.95 - - [29/Nov/2025:13:23:51 -0500] "POST /wp-login.php HTTP/1.1" 200 2503 "http://nowakowskilaw.com/wp-admin/" "Mozilla/5.0 (Windows NT 10.0; Win64; x64) AppleWebKit/537.36 (KHTML, like Gecko) Chrome/90.0.4430.85 Safari/537.36"
98.159.37.95 - - [29/Nov/2025:13:23:51 -0500] "POST /admin HTTP/1.1" 200 22464 "http://nowakowskilaw.com/wp-admin/" "Mozilla/5.0 (Windows NT 10.0; Win64; x64) AppleWebKit/537.36 (KHTML, like Gecko) Chrome/90.0.4430.85 Safari/537.36"
66.29.137.40 - - [29/Nov/2025:13:24:06 -0500] "POST /wp-cron.php?doing_wp_cron=1764440646.7096869945526123046875 HTTP/1.1" 200 0 "http://nowakowskilaw.com/wp-cron.php?doing_wp_cron=1764440646.7096869945526123046875" "WordPress/5.5.17; http://nowakowskilaw.com"
98.159.37.107 - - [29/Nov/2025:13:24:06 -0500] "POST /wp-login.php HTTP/1.1" 200 2503 "http://nowakowskilaw.com/wp-admin/" "Mozilla/5.0 (Windows NT 10.0; Win64; x64) AppleWebKit/537.36 (KHTML, like Gecko) Chrome/90.0.4430.85 Safari/537.36"
98.159.37.107 - - [29/Nov/2025:13:24:06 -0500] "POST /admin HTTP/1.1" 200 22458 "http://nowakowskilaw.com/wp-admin/" "Mozilla/5.0 (Windows NT 10.0; Win64; x64) AppleWebKit/537.36 (KHTML, like Gecko) Chrome/90.0.4430.85 Safari/537.36"
185.191.171.10 - - [29/Nov/2025:13:24:14 -0500] "GET /wp-includes/class-wp-list-util.php HTTP/1.1" 200 0 "-" "Mozilla/5.0 (compatible; SemrushBot/7~bl; +http://www.semrush.com/bot.html)"
98.159.37.110 - - [29/Nov/2025:13:24:40 -0500] "POST /admin HTTP/1.1" 200 22458 "http://nowakowskilaw.com/wp-admin/" "Mozilla/5.0 (Windows NT 10.0; Win64; x64) AppleWebKit/537.36 (KHTML, like Gecko) Chrome/90.0.4430.85 Safari/537.36"
173.239.218.148 - - [29/Nov/2025:13:25:05 -0500] "POST /admin HTTP/1.1" 200 22458 "http://nowakowskilaw.com/wp-admin/" "Mozilla/5.0 (Windows NT 10.0; Win64; x64) AppleWebKit/537.36 (KHTML, like Gecko) Chrome/90.0.4430.85 Safari/537.36"
66.29.137.40 - - [29/Nov/2025:13:25:50 -0500] "POST /wp-cron.php?doing_wp_cron=1764440750.1459560394287109375000 HTTP/1.1" 200 0 "http://nowakowskilaw.com/wp-cron.php?doing_wp_cron=1764440750.1459560394287109375000" "WordPress/5.5.17; http://nowakowskilaw.com"
216.24.210.55 - - [29/Nov/2025:13:25:50 -0500] "POST /wp-login.php HTTP/1.1" 200 2503 "http://nowakowskilaw.com/wp-admin/" "Mozilla/5.0 (Windows NT 10.0; Win64; x64) AppleWebKit/537.36 (KHTML, like Gecko) Chrome/90.0.4430.85 Safari/537.36"
216.24.210.55 - - [29/Nov/2025:13:25:50 -0500] "POST /admin HTTP/1.1" 200 22458 "http://nowakowskilaw.com/wp-admin/" "Mozilla/5.0 (Windows NT 10.0; Win64; x64) AppleWebKit/537.36 (KHTML, like Gecko) Chrome/90.0.4430.85 Safari/537.36"
66.29.137.40 - - [29/Nov/2025:13:26:01 -0500] "POST /wp-cron.php?doing_wp_cron=1764440761.5897190570831298828125 HTTP/1.1" 200 0 "http://nowakowskilaw.com/wp-cron.php?doing_wp_cron=1764440761.5897190570831298828125" "WordPress/5.5.17; http://nowakowskilaw.com"
216.24.210.176 - - [29/Nov/2025:13:26:01 -0500] "POST /wp-login.php HTTP/1.1" 200 2503 "http://nowakowskilaw.com/wp-admin/" "Mozilla/5.0 (Windows NT 10.0; Win64; x64) AppleWebKit/537.36 (KHTML, like Gecko) Chrome/90.0.4430.85 Safari/537.36"
216.24.210.176 - - [29/Nov/2025:13:26:01 -0500] "POST /admin HTTP/1.1" 200 22458 "http://nowakowskilaw.com/wp-admin/" "Mozilla/5.0 (Windows NT 10.0; Win64; x64) AppleWebKit/537.36 (KHTML, like Gecko) Chrome/90.0.4430.85 Safari/537.36"
98.159.37.109 - - [29/Nov/2025:13:26:05 -0500] "POST /admin HTTP/1.1" 200 22458 "http://nowakowskilaw.com/wp-admin/" "Mozilla/5.0 (Windows NT 10.0; Win64; x64) AppleWebKit/537.36 (KHTML, like Gecko) Chrome/90.0.4430.85 Safari/537.36"
66.29.137.40 - - [29/Nov/2025:13:26:34 -0500] "POST /wp-cron.php?doing_wp_cron=1764440794.9118530750274658203125 HTTP/1.1" 200 0 "http://nowakowskilaw.com/wp-cron.php?doing_wp_cron=1764440794.9118530750274658203125" "WordPress/5.5.17; http://nowakowskilaw.com"
98.159.37.110 - - [29/Nov/2025:13:26:34 -0500] "POST /wp-login.php HTTP/1.1" 200 2503 "http://nowakowskilaw.com/wp-admin/" "Mozilla/5.0 (Windows NT 10.0; Win64; x64) AppleWebKit/537.36 (KHTML, like Gecko) Chrome/90.0.4430.85 Safari/537.36"
98.159.37.110 - - [29/Nov/2025:13:26:34 -0500] "POST /admin HTTP/1.1" 200 22464 "http://nowakowskilaw.com/wp-admin/" "Mozilla/5.0 (Windows NT 10.0; Win64; x64) AppleWebKit/537.36 (KHTML, like Gecko) Chrome/90.0.4430.85 Safari/537.36"
185.191.171.1 - - [29/Nov/2025:13:26:39 -0500] "GET /wp-includes/default-filters.php HTTP/1.1" 500 0 "-" "Mozilla/5.0 (compatible; SemrushBot/7~bl; +http://www.semrush.com/bot.html)"
173.239.218.155 - - [29/Nov/2025:13:27:03 -0500] "POST /admin HTTP/1.1" 200 22464 "http://nowakowskilaw.com/wp-admin/" "Mozilla/5.0 (Windows NT 10.0; Win64; x64) AppleWebKit/537.36 (KHTML, like Gecko) Chrome/90.0.4430.85 Safari/537.36"
66.29.137.40 - - [29/Nov/2025:13:27:08 -0500] "POST /wp-cron.php?doing_wp_cron=1764440828.9632909297943115234375 HTTP/1.1" 200 0 "http://nowakowskilaw.com/wp-cron.php?doing_wp_cron=1764440828.9632909297943115234375" "WordPress/5.5.17; http://nowakowskilaw.com"
98.159.37.106 - - [29/Nov/2025:13:27:08 -0500] "POST /wp-login.php HTTP/1.1" 200 2503 "http://nowakowskilaw.com/wp-admin/" "Mozilla/5.0 (Windows NT 10.0; Win64; x64) AppleWebKit/537.36 (KHTML, like Gecko) Chrome/90.0.4430.85 Safari/537.36"
98.159.37.106 - - [29/Nov/2025:13:27:09 -0500] "POST /admin HTTP/1.1" 200 22458 "http://nowakowskilaw.com/wp-admin/" "Mozilla/5.0 (Windows NT 10.0; Win64; x64) AppleWebKit/537.36 (KHTML, like Gecko) Chrome/90.0.4430.85 Safari/537.36"
185.191.171.12 - - [29/Nov/2025:13:27:16 -0500] "GET /wp-includes/class-wp-taxonomy.php HTTP/1.1" 200 0 "-" "Mozilla/5.0 (compatible; SemrushBot/7~bl; +http://www.semrush.com/bot.html)"
66.29.137.40 - - [29/Nov/2025:13:27:36 -0500] "POST /wp-cron.php?doing_wp_cron=1764440856.9859740734100341796875 HTTP/1.1" 200 0 "http://nowakowskilaw.com/wp-cron.php?doing_wp_cron=1764440856.9859740734100341796875" "WordPress/5.5.17; http://nowakowskilaw.com"
173.239.218.155 - - [29/Nov/2025:13:27:36 -0500] "POST /wp-login.php HTTP/1.1" 200 2503 "http://nowakowskilaw.com/wp-admin/" "Mozilla/5.0 (Windows NT 10.0; Win64; x64) AppleWebKit/537.36 (KHTML, like Gecko) Chrome/90.0.4430.85 Safari/537.36"
173.239.218.155 - - [29/Nov/2025:13:27:37 -0500] "POST /admin HTTP/1.1" 200 22464 "http://nowakowskilaw.com/wp-admin/" "Mozilla/5.0 (Windows NT 10.0; Win64; x64) AppleWebKit/537.36 (KHTML, like Gecko) Chrome/90.0.4430.85 Safari/537.36"
185.191.171.2 - - [29/Nov/2025:13:27:49 -0500] "GET /wp-includes/class-wp-feed-cache.php HTTP/1.1" 500 0 "-" "Mozilla/5.0 (compatible; SemrushBot/7~bl; +http://www.semrush.com/bot.html)"
66.29.137.40 - - [29/Nov/2025:13:27:56 -0500] "POST /wp-cron.php?doing_wp_cron=1764440876.9162430763244628906250 HTTP/1.1" 200 0 "http://nowakowskilaw.com/wp-cron.php?doing_wp_cron=1764440876.9162430763244628906250" "WordPress/5.5.17; http://nowakowskilaw.com"
216.24.210.184 - - [29/Nov/2025:13:27:56 -0500] "POST /wp-login.php HTTP/1.1" 200 2503 "http://nowakowskilaw.com/wp-admin/" "Mozilla/5.0 (Windows NT 10.0; Win64; x64) AppleWebKit/537.36 (KHTML, like Gecko) Chrome/90.0.4430.85 Safari/537.36"
216.24.210.184 - - [29/Nov/2025:13:27:57 -0500] "POST /admin HTTP/1.1" 200 22464 "http://nowakowskilaw.com/wp-admin/" "Mozilla/5.0 (Windows NT 10.0; Win64; x64) AppleWebKit/537.36 (KHTML, like Gecko) Chrome/90.0.4430.85 Safari/537.36"
66.29.137.40 - - [29/Nov/2025:13:28:32 -0500] "POST /wp-cron.php?doing_wp_cron=1764440912.9506208896636962890625 HTTP/1.1" 200 0 "http://nowakowskilaw.com/wp-cron.php?doing_wp_cron=1764440912.9506208896636962890625" "WordPress/5.5.17; http://nowakowskilaw.com"
98.159.37.97 - - [29/Nov/2025:13:28:32 -0500] "POST /wp-login.php HTTP/1.1" 200 2496 "http://nowakowskilaw.com/wp-admin/" "Mozilla/5.0 (Windows NT 10.0; Win64; x64) AppleWebKit/537.36 (KHTML, like Gecko) Chrome/90.0.4430.85 Safari/537.36"
98.159.37.97 - - [29/Nov/2025:13:28:33 -0500] "POST /admin HTTP/1.1" 200 22458 "http://nowakowskilaw.com/wp-admin/" "Mozilla/5.0 (Windows NT 10.0; Win64; x64) AppleWebKit/537.36 (KHTML, like Gecko) Chrome/90.0.4430.85 Safari/537.36"
85.208.96.202 - - [29/Nov/2025:13:28:44 -0500] "GET /wp-includes/general-template.php HTTP/1.1" 200 0 "-" "Mozilla/5.0 (compatible; SemrushBot/7~bl; +http://www.semrush.com/bot.html)"
98.159.37.92 - - [29/Nov/2025:13:28:44 -0500] "POST /wp-login.php HTTP/1.1" 200 0 "http://nowakowskilaw.com/wp-admin/" "Mozilla/5.0 (Windows NT 10.0; Win64; x64) AppleWebKit/537.36 (KHTML, like Gecko) Chrome/90.0.4430.85 Safari/537.36"
98.159.37.110 - - [29/Nov/2025:13:28:47 -0500] "POST /wp-login.php HTTP/1.1" 200 2496 "http://nowakowskilaw.com/wp-admin/" "Mozilla/5.0 (Windows NT 10.0; Win64; x64) AppleWebKit/537.36 (KHTML, like Gecko) Chrome/90.0.4430.85 Safari/537.36"
98.159.37.110 - - [29/Nov/2025:13:28:47 -0500] "POST /admin HTTP/1.1" 200 22464 "http://nowakowskilaw.com/wp-admin/" "Mozilla/5.0 (Windows NT 10.0; Win64; x64) AppleWebKit/537.36 (KHTML, like Gecko) Chrome/90.0.4430.85 Safari/537.36"
66.29.137.40 - - [29/Nov/2025:13:29:01 -0500] "POST /wp-cron.php?doing_wp_cron=1764440941.6385190486907958984375 HTTP/1.1" 200 0 "http://nowakowskilaw.com/wp-cron.php?doing_wp_cron=1764440941.6385190486907958984375" "WordPress/5.5.17; http://nowakowskilaw.com"
216.24.210.187 - - [29/Nov/2025:13:29:01 -0500] "POST /wp-login.php HTTP/1.1" 200 2503 "http://nowakowskilaw.com/wp-admin/" "Mozilla/5.0 (Windows NT 10.0; Win64; x64) AppleWebKit/537.36 (KHTML, like Gecko) Chrome/90.0.4430.85 Safari/537.36"
216.24.210.187 - - [29/Nov/2025:13:29:01 -0500] "POST /admin HTTP/1.1" 200 22464 "http://nowakowskilaw.com/wp-admin/" "Mozilla/5.0 (Windows NT 10.0; Win64; x64) AppleWebKit/537.36 (KHTML, like Gecko) Chrome/90.0.4430.85 Safari/537.36"
85.208.96.199 - - [29/Nov/2025:13:29:15 -0500] "GET /wp-includes/class-wp-simplepie-sanitize-kses.php HTTP/1.1" 500 0 "-" "Mozilla/5.0 (compatible; SemrushBot/7~bl; +http://www.semrush.com/bot.html)"
85.208.96.201 - - [29/Nov/2025:13:29:24 -0500] "GET /wp-includes/compat.php HTTP/1.1" 200 0 "-" "Mozilla/5.0 (compatible; SemrushBot/7~bl; +http://www.semrush.com/bot.html)"
216.24.210.184 - - [29/Nov/2025:13:30:00 -0500] "POST /admin HTTP/1.1" 200 22464 "http://nowakowskilaw.com/wp-admin/" "Mozilla/5.0 (Windows NT 10.0; Win64; x64) AppleWebKit/537.36 (KHTML, like Gecko) Chrome/90.0.4430.85 Safari/537.36"
66.29.137.40 - - [29/Nov/2025:13:30:12 -0500] "POST /wp-cron.php?doing_wp_cron=1764441012.7517180442810058593750 HTTP/1.1" 200 0 "http://nowakowskilaw.com/wp-cron.php?doing_wp_cron=1764441012.7517180442810058593750" "WordPress/5.5.17; http://nowakowskilaw.com"
98.159.37.107 - - [29/Nov/2025:13:30:12 -0500] "POST /wp-login.php HTTP/1.1" 200 2503 "http://nowakowskilaw.com/wp-admin/" "Mozilla/5.0 (Windows NT 10.0; Win64; x64) AppleWebKit/537.36 (KHTML, like Gecko) Chrome/90.0.4430.85 Safari/537.36"
98.159.37.107 - - [29/Nov/2025:13:30:12 -0500] "POST /admin HTTP/1.1" 200 22464 "http://nowakowskilaw.com/wp-admin/" "Mozilla/5.0 (Windows NT 10.0; Win64; x64) AppleWebKit/537.36 (KHTML, like Gecko) Chrome/90.0.4430.85 Safari/537.36"
66.29.137.40 - - [29/Nov/2025:13:30:54 -0500] "POST /wp-cron.php?doing_wp_cron=1764441054.5847580432891845703125 HTTP/1.1" 200 0 "http://nowakowskilaw.com/wp-cron.php?doing_wp_cron=1764441054.5847580432891845703125" "WordPress/5.5.17; http://nowakowskilaw.com"
98.159.37.107 - - [29/Nov/2025:13:30:54 -0500] "POST /wp-login.php HTTP/1.1" 200 2503 "http://nowakowskilaw.com/wp-admin/" "Mozilla/5.0 (Windows NT 10.0; Win64; x64) AppleWebKit/537.36 (KHTML, like Gecko) Chrome/90.0.4430.85 Safari/537.36"
98.159.37.107 - - [29/Nov/2025:13:30:55 -0500] "POST /admin HTTP/1.1" 200 22458 "http://nowakowskilaw.com/wp-admin/" "Mozilla/5.0 (Windows NT 10.0; Win64; x64) AppleWebKit/537.36 (KHTML, like Gecko) Chrome/90.0.4430.85 Safari/537.36"
185.191.171.1 - - [29/Nov/2025:13:31:41 -0500] "GET /wp-includes/sitemaps/ HTTP/1.1" 200 1370 "-" "Mozilla/5.0 (compatible; SemrushBot/7~bl; +http://www.semrush.com/bot.html)"
66.29.137.40 - - [29/Nov/2025:13:31:51 -0500] "POST /wp-cron.php?doing_wp_cron=1764441111.8908998966217041015625 HTTP/1.1" 200 0 "http://nowakowskilaw.com/wp-cron.php?doing_wp_cron=1764441111.8908998966217041015625" "WordPress/5.5.17; http://nowakowskilaw.com"
173.239.218.106 - - [29/Nov/2025:13:31:51 -0500] "POST /wp-login.php HTTP/1.1" 200 2503 "http://nowakowskilaw.com/wp-admin/" "Mozilla/5.0 (Windows NT 10.0; Win64; x64) AppleWebKit/537.36 (KHTML, like Gecko) Chrome/90.0.4430.85 Safari/537.36"
173.239.218.106 - - [29/Nov/2025:13:31:51 -0500] "POST /admin HTTP/1.1" 200 22458 "http://nowakowskilaw.com/wp-admin/" "Mozilla/5.0 (Windows NT 10.0; Win64; x64) AppleWebKit/537.36 (KHTML, like Gecko) Chrome/90.0.4430.85 Safari/537.36"
66.29.137.40 - - [29/Nov/2025:13:32:00 -0500] "POST /wp-cron.php?doing_wp_cron=1764441120.4219939708709716796875 HTTP/1.1" 200 0 "http://nowakowskilaw.com/wp-cron.php?doing_wp_cron=1764441120.4219939708709716796875" "WordPress/5.5.17; http://nowakowskilaw.com"
98.159.37.112 - - [29/Nov/2025:13:32:00 -0500] "POST /wp-login.php HTTP/1.1" 200 2503 "http://nowakowskilaw.com/wp-admin/" "Mozilla/5.0 (Windows NT 10.0; Win64; x64) AppleWebKit/537.36 (KHTML, like Gecko) Chrome/90.0.4430.85 Safari/537.36"
98.159.37.112 - - [29/Nov/2025:13:32:00 -0500] "POST /admin HTTP/1.1" 200 22458 "http://nowakowskilaw.com/wp-admin/" "Mozilla/5.0 (Windows NT 10.0; Win64; x64) AppleWebKit/537.36 (KHTML, like Gecko) Chrome/90.0.4430.85 Safari/537.36"
185.191.171.13 - - [29/Nov/2025:13:32:26 -0500] "GET /wp-includes/IXR/ HTTP/1.1" 200 1552 "-" "Mozilla/5.0 (compatible; SemrushBot/7~bl; +http://www.semrush.com/bot.html)"
185.191.171.16 - - [29/Nov/2025:13:33:53 -0500] "GET /wp-includes/class-json.php HTTP/1.1" 500 0 "-" "Mozilla/5.0 (compatible; SemrushBot/7~bl; +http://www.semrush.com/bot.html)"
185.191.171.7 - - [29/Nov/2025:13:35:37 -0500] "GET /wp-includes/class-wp-admin-bar.php HTTP/1.1" 200 0 "-" "Mozilla/5.0 (compatible; SemrushBot/7~bl; +http://www.semrush.com/bot.html)"
85.208.96.206 - - [29/Nov/2025:13:36:39 -0500] "GET /wp-includes/class-IXR.php HTTP/1.1" 500 0 "-" "Mozilla/5.0 (compatible; SemrushBot/7~bl; +http://www.semrush.com/bot.html)"
85.208.96.206 - - [29/Nov/2025:13:38:36 -0500] "GET /wp-includes/cache-compat.php HTTP/1.1" 200 0 "-" "Mozilla/5.0 (compatible; SemrushBot/7~bl; +http://www.semrush.com/bot.html)"
85.208.96.211 - - [29/Nov/2025:13:40:15 -0500] "GET /wp-includes/class-wp-comment-query.php HTTP/1.1" 200 0 "-" "Mozilla/5.0 (compatible; SemrushBot/7~bl; +http://www.semrush.com/bot.html)"
85.208.96.206 - - [29/Nov/2025:13:40:40 -0500] "GET /wp-includes/class-walker-category.php HTTP/1.1" 500 0 "-" "Mozilla/5.0 (compatible; SemrushBot/7~bl; +http://www.semrush.com/bot.html)"
185.191.171.9 - - [29/Nov/2025:13:42:01 -0500] "GET /wp-includes/pluggable-deprecated.php HTTP/1.1" 200 0 "-" "Mozilla/5.0 (compatible; SemrushBot/7~bl; +http://www.semrush.com/bot.html)"
37.114.48.221 - - [29/Nov/2025:13:42:15 -0500] "GET /addressing-the-common-legal-issues-of-podcasting/ HTTP/1.0" 200 83705 "http://nowakowskilaw.com/addressing-the-common-legal-issues-of-podcasting/" "Mozilla/5.0 (Windows NT 10.0; Win64; x64) AppleWebKit/537.36 (KHTML, like Gecko) Chrome/131.0.0.0 Safari/537.36"
66.29.137.40 - - [29/Nov/2025:13:42:31 -0500] "POST /wp-cron.php?doing_wp_cron=1764441751.5207750797271728515625 HTTP/1.1" 200 0 "http://nowakowskilaw.com/wp-cron.php?doing_wp_cron=1764441751.5207750797271728515625" "WordPress/5.5.17; http://nowakowskilaw.com"
85.208.96.202 - - [29/Nov/2025:13:42:30 -0500] "GET /wp-admin/import.php HTTP/1.1" 302 0 "-" "Mozilla/5.0 (compatible; SemrushBot/7~bl; +http://www.semrush.com/bot.html)"
185.191.171.8 - - [29/Nov/2025:13:42:32 -0500] "GET /wp-login.php?reauth=1&redirect_to=http%3A%2F%2Fwww.nowakowskilaw.com%2Fwp-admin%2Fimport.php HTTP/1.1" 403 0 "-" "Mozilla/5.0 (compatible; SemrushBot/7~bl; +http://www.semrush.com/bot.html)"
185.191.171.6 - - [29/Nov/2025:13:43:41 -0500] "GET /courses/organization-optimization-take-business-life-next-level/lessons/accounting-tools/topic/accounting-tools/ HTTP/1.1" 403 0 "-" "Mozilla/5.0 (compatible; SemrushBot/7~bl; +http://www.semrush.com/bot.html)"
185.191.171.5 - - [29/Nov/2025:13:44:42 -0500] "GET /wp-includes/class-walker-category-dropdown.php HTTP/1.1" 500 0 "-" "Mozilla/5.0 (compatible; SemrushBot/7~bl; +http://www.semrush.com/bot.html)"
85.208.96.208 - - [29/Nov/2025:13:46:24 -0500] "GET /wp-includes/class-wp-recovery-mode.php HTTP/1.1" 200 0 "-" "Mozilla/5.0 (compatible; SemrushBot/7~bl; +http://www.semrush.com/bot.html)"
85.208.96.208 - - [29/Nov/2025:13:50:20 -0500] "GET /wp-includes/cache.php HTTP/1.1" 500 0 "-" "Mozilla/5.0 (compatible; SemrushBot/7~bl; +http://www.semrush.com/bot.html)"
85.208.96.210 - - [29/Nov/2025:13:50:29 -0500] "GET /robots.txt HTTP/1.1" 200 70 "-" "Mozilla/5.0 (compatible; SemrushBot/7~bl; +http://www.semrush.com/bot.html)"
185.191.171.19 - - [29/Nov/2025:13:50:29 -0500] "GET /wp-includes/css/ HTTP/1.1" 200 2339 "-" "Mozilla/5.0 (compatible; SemrushBot/7~bl; +http://www.semrush.com/bot.html)"
178.20.44.82 - - [29/Nov/2025:13:51:20 -0500] "GET /how-is-personal-data-defined-under-the-new-gdpr-provisions/ HTTP/1.0" 200 83705 "http://nowakowskilaw.com/how-is-personal-data-defined-under-the-new-gdpr-provisions/" "Mozilla/5.0 (Windows NT 10.0; Win64; x64) AppleWebKit/537.36 (KHTML, like Gecko) Chrome/131.0.0.0 Safari/537.36"
178.20.44.82 - - [29/Nov/2025:13:51:21 -0500] "GET /contactez-nous HTTP/1.0" 200 83705 "http://nowakowskilaw.com/contactez-nous" "Mozilla/5.0 (Windows NT 10.0; Win64; x64) AppleWebKit/537.36 (KHTML, like Gecko) Chrome/131.0.0.0 Safari/537.36"
185.191.171.14 - - [29/Nov/2025:13:52:03 -0500] "GET /wp-includes/ms-settings.php HTTP/1.1" 500 0 "-" "Mozilla/5.0 (compatible; SemrushBot/7~bl; +http://www.semrush.com/bot.html)"
85.208.96.195 - - [29/Nov/2025:13:52:17 -0500] "GET /wp-includes/wp-diff.php HTTP/1.1" 500 0 "-" "Mozilla/5.0 (compatible; SemrushBot/7~bl; +http://www.semrush.com/bot.html)"
85.208.96.193 - - [29/Nov/2025:13:52:20 -0500] "GET /topic/lesson-1-becoming-a-freelancer-2/ HTTP/1.1" 403 0 "-" "Mozilla/5.0 (compatible; SemrushBot/7~bl; +http://www.semrush.com/bot.html)"
185.191.171.18 - - [29/Nov/2025:13:53:08 -0500] "GET /wp-includes/js/ HTTP/1.1" 200 4480 "-" "Mozilla/5.0 (compatible; SemrushBot/7~bl; +http://www.semrush.com/bot.html)"
178.20.44.82 - - [29/Nov/2025:13:54:17 -0500] "GET /how-is-personal-data-defined-under-the-new-gdpr-provisions/ HTTP/1.0" 200 83705 "http://nowakowskilaw.com/how-is-personal-data-defined-under-the-new-gdpr-provisions/" "Mozilla/5.0 (Windows NT 10.0; Win64; x64) AppleWebKit/537.36 (KHTML, like Gecko) Chrome/131.0.0.0 Safari/537.36"
185.191.171.12 - - [29/Nov/2025:13:54:17 -0500] "GET /wp-includes/class-wp-term-query.php HTTP/1.1" 200 0 "-" "Mozilla/5.0 (compatible; SemrushBot/7~bl; +http://www.semrush.com/bot.html)"
178.20.44.82 - - [29/Nov/2025:13:54:18 -0500] "GET /contactez-nous HTTP/1.0" 200 83705 "http://nowakowskilaw.com/contactez-nous" "Mozilla/5.0 (Windows NT 10.0; Win64; x64) AppleWebKit/537.36 (KHTML, like Gecko) Chrome/131.0.0.0 Safari/537.36"
185.191.171.8 - - [29/Nov/2025:13:55:41 -0500] "GET /wp-includes/class-feed.php HTTP/1.1" 500 0 "-" "Mozilla/5.0 (compatible; SemrushBot/7~bl; +http://www.semrush.com/bot.html)"
85.208.96.207 - - [29/Nov/2025:13:57:50 -0500] "GET /wp-includes/formatting.php HTTP/1.1" 200 0 "-" "Mozilla/5.0 (compatible; SemrushBot/7~bl; +http://www.semrush.com/bot.html)"
178.20.44.82 - - [29/Nov/2025:13:58:22 -0500] "GET /how-is-personal-data-defined-under-the-new-gdpr-provisions/ HTTP/1.0" 200 83705 "http://nowakowskilaw.com/how-is-personal-data-defined-under-the-new-gdpr-provisions/" "Mozilla/5.0 (Windows NT 10.0; Win64; x64) AppleWebKit/537.36 (KHTML, like Gecko) Chrome/131.0.0.0 Safari/537.36"
178.20.44.82 - - [29/Nov/2025:13:58:23 -0500] "GET /contactez-nous HTTP/1.0" 200 83705 "http://nowakowskilaw.com/contactez-nous" "Mozilla/5.0 (Windows NT 10.0; Win64; x64) AppleWebKit/537.36 (KHTML, like Gecko) Chrome/131.0.0.0 Safari/537.36"
185.191.171.17 - - [29/Nov/2025:13:58:38 -0500] "GET /robots.txt HTTP/1.1" 200 70 "-" "Mozilla/5.0 (compatible; SemrushBot/7~bl; +http://www.semrush.com/bot.html)"
185.191.171.6 - - [29/Nov/2025:13:58:39 -0500] "GET /wp-includes/class-wp-list-util.php HTTP/1.1" 200 0 "-" "Mozilla/5.0 (compatible; SemrushBot/7~bl; +http://www.semrush.com/bot.html)"
185.191.171.7 - - [29/Nov/2025:13:58:42 -0500] "GET /wp-includes/plugin.php HTTP/1.1" 200 0 "-" "Mozilla/5.0 (compatible; SemrushBot/7~bl; +http://www.semrush.com/bot.html)"
85.208.96.208 - - [29/Nov/2025:13:58:50 -0500] "GET /wp-includes/user.php HTTP/1.1" 200 0 "-" "Mozilla/5.0 (compatible; SemrushBot/7~bl; +http://www.semrush.com/bot.html)"
85.208.96.207 - - [29/Nov/2025:14:01:14 -0500] "GET /wp-includes/sitemaps/ HTTP/1.1" 200 1366 "-" "Mozilla/5.0 (compatible; SemrushBot/7~bl; +http://www.semrush.com/bot.html)"
85.208.96.196 - - [29/Nov/2025:14:03:04 -0500] "GET /wp-includes/post.php HTTP/1.1" 200 0 "-" "Mozilla/5.0 (compatible; SemrushBot/7~bl; +http://www.semrush.com/bot.html)"
185.191.171.7 - - [29/Nov/2025:14:03:32 -0500] "GET /wp-includes/http.php HTTP/1.1" 200 0 "-" "Mozilla/5.0 (compatible; SemrushBot/7~bl; +http://www.semrush.com/bot.html)"
85.208.96.200 - - [29/Nov/2025:14:11:33 -0500] "GET /wp-includes/class-wp-date-query.php HTTP/1.1" 200 0 "-" "Mozilla/5.0 (compatible; SemrushBot/7~bl; +http://www.semrush.com/bot.html)"
185.191.171.6 - - [29/Nov/2025:14:12:21 -0500] "GET /wp-includes/fonts/ HTTP/1.1" 200 1312 "-" "Mozilla/5.0 (compatible; SemrushBot/7~bl; +http://www.semrush.com/bot.html)"
85.208.96.200 - - [29/Nov/2025:14:12:23 -0500] "GET /wp-includes/customize/ HTTP/1.1" 200 2549 "-" "Mozilla/5.0 (compatible; SemrushBot/7~bl; +http://www.semrush.com/bot.html)"
185.191.171.8 - - [29/Nov/2025:14:13:07 -0500] "GET /wp-includes/class-wp-http-requests-response.php HTTP/1.1" 500 0 "-" "Mozilla/5.0 (compatible; SemrushBot/7~bl; +http://www.semrush.com/bot.html)"
85.208.96.212 - - [29/Nov/2025:14:14:49 -0500] "GET /wp-includes/class-wp-http-encoding.php HTTP/1.1" 200 0 "-" "Mozilla/5.0 (compatible; SemrushBot/7~bl; +http://www.semrush.com/bot.html)"
85.208.96.193 - - [29/Nov/2025:14:16:49 -0500] "GET /wp-includes/widgets.php HTTP/1.1" 200 0 "-" "Mozilla/5.0 (compatible; SemrushBot/7~bl; +http://www.semrush.com/bot.html)"
85.208.96.209 - - [29/Nov/2025:14:17:41 -0500] "GET /wp-includes/ms-site.php HTTP/1.1" 200 0 "-" "Mozilla/5.0 (compatible; SemrushBot/7~bl; +http://www.semrush.com/bot.html)"
85.208.96.203 - - [29/Nov/2025:14:17:45 -0500] "GET /wp-includes/class-wp.php HTTP/1.1" 200 0 "-" "Mozilla/5.0 (compatible; SemrushBot/7~bl; +http://www.semrush.com/bot.html)"
185.191.171.13 - - [29/Nov/2025:14:18:50 -0500] "GET /wp-includes/deprecated.php HTTP/1.1" 200 0 "-" "Mozilla/5.0 (compatible; SemrushBot/7~bl; +http://www.semrush.com/bot.html)"
85.208.96.193 - - [29/Nov/2025:14:23:19 -0500] "GET /wp-includes/class-wp-error.php HTTP/1.1" 200 0 "-" "Mozilla/5.0 (compatible; SemrushBot/7~bl; +http://www.semrush.com/bot.html)"
180.110.203.108 - - [29/Nov/2025:14:23:56 -0500] "GET / HTTP/1.1" 200 22464 "-" "Mozilla/5.0 (iPhone; CPU iPhone OS 13_2_3 like Mac OS X) AppleWebKit/605.1.15 (KHTML, like Gecko) Version/13.0.3 Mobile/15E148 Safari/604.1"
85.208.96.202 - - [29/Nov/2025:14:26:08 -0500] "GET /wp-includes/class-wp-recovery-mode-key-service.php HTTP/1.1" 200 0 "-" "Mozilla/5.0 (compatible; SemrushBot/7~bl; +http://www.semrush.com/bot.html)"
85.208.96.205 - - [29/Nov/2025:14:27:18 -0500] "GET /wp-includes/class-wp-image-editor-imagick.php HTTP/1.1" 500 0 "-" "Mozilla/5.0 (compatible; SemrushBot/7~bl; +http://www.semrush.com/bot.html)"
85.208.96.203 - - [29/Nov/2025:14:27:34 -0500] "GET /wp-includes/media-template.php HTTP/1.1" 200 0 "-" "Mozilla/5.0 (compatible; SemrushBot/7~bl; +http://www.semrush.com/bot.html)"
85.208.96.206 - - [29/Nov/2025:14:28:13 -0500] "GET /wp-includes/class-wp-embed.php HTTP/1.1" 200 0 "-" "Mozilla/5.0 (compatible; SemrushBot/7~bl; +http://www.semrush.com/bot.html)"
185.191.171.9 - - [29/Nov/2025:14:28:57 -0500] "GET /wp-includes/ms-load.php HTTP/1.1" 200 0 "-" "Mozilla/5.0 (compatible; SemrushBot/7~bl; +http://www.semrush.com/bot.html)"
85.208.96.210 - - [29/Nov/2025:14:29:14 -0500] "GET /wp-includes/admin-bar.php HTTP/1.1" 200 0 "-" "Mozilla/5.0 (compatible; SemrushBot/7~bl; +http://www.semrush.com/bot.html)"
185.191.171.17 - - [29/Nov/2025:14:30:03 -0500] "GET /wp-includes/post-template.php HTTP/1.1" 200 0 "-" "Mozilla/5.0 (compatible; SemrushBot/7~bl; +http://www.semrush.com/bot.html)"
114.119.156.111 - - [29/Nov/2025:14:31:28 -0500] "GET /courses/legal-ins-and-outs-being-freelancer/lessons/module-2-pinpoint-your-business-idea-2/topic/whats-at-the-intersection-of-all-of-those-areas/ HTTP/1.1" 403 0 "http://nowakowskilaw.com/courses/legal-ins-and-outs-being-freelancer/lessons/module-2-pinpoint-your-business-idea-2/topic/whats-going-to-be-profitable/" "Mozilla/5.0 (Linux; Android 7.0;) AppleWebKit/537.36 (KHTML, like Gecko) Mobile Safari/537.36 (compatible; PetalBot;+https://webmaster.petalsearch.com/site/petalbot)"
185.191.171.14 - - [29/Nov/2025:14:32:20 -0500] "GET /wp-includes/class-wp-roles.php HTTP/1.1" 200 0 "-" "Mozilla/5.0 (compatible; SemrushBot/7~bl; +http://www.semrush.com/bot.html)"
85.208.96.206 - - [29/Nov/2025:14:35:07 -0500] "GET /wp-includes/registration.php HTTP/1.1" 500 0 "-" "Mozilla/5.0 (compatible; SemrushBot/7~bl; +http://www.semrush.com/bot.html)"
85.208.96.209 - - [29/Nov/2025:14:37:34 -0500] "GET /wp-includes/class-simplepie.php HTTP/1.1" 500 0 "-" "Mozilla/5.0 (compatible; SemrushBot/7~bl; +http://www.semrush.com/bot.html)"
185.191.171.2 - - [29/Nov/2025:14:38:57 -0500] "GET /wp-includes/class-wp-block.php HTTP/1.1" 200 0 "-" "Mozilla/5.0 (compatible; SemrushBot/7~bl; +http://www.semrush.com/bot.html)"
185.191.171.16 - - [29/Nov/2025:14:39:12 -0500] "GET /wp-includes/class-wp-role.php HTTP/1.1" 200 0 "-" "Mozilla/5.0 (compatible; SemrushBot/7~bl; +http://www.semrush.com/bot.html)"
185.191.171.18 - - [29/Nov/2025:14:39:47 -0500] "GET /wp-includes/class-wp-admin-bar.php HTTP/1.1" 200 0 "-" "Mozilla/5.0 (compatible; SemrushBot/7~bl; +http://www.semrush.com/bot.html)"
85.208.96.206 - - [29/Nov/2025:14:40:33 -0500] "GET /wp-includes/class-wp-network-query.php HTTP/1.1" 200 0 "-" "Mozilla/5.0 (compatible; SemrushBot/7~bl; +http://www.semrush.com/bot.html)"
85.208.96.210 - - [29/Nov/2025:14:46:01 -0500] "GET /wp-includes/class-wp-rewrite.php HTTP/1.1" 200 0 "-" "Mozilla/5.0 (compatible; SemrushBot/7~bl; +http://www.semrush.com/bot.html)"
85.208.96.211 - - [29/Nov/2025:14:50:38 -0500] "GET /wp-includes/compat.php HTTP/1.1" 200 0 "-" "Mozilla/5.0 (compatible; SemrushBot/7~bl; +http://www.semrush.com/bot.html)"
85.208.96.203 - - [29/Nov/2025:14:51:50 -0500] "GET /wp-includes/class-wp-recovery-mode-cookie-service.php HTTP/1.1" 200 0 "-" "Mozilla/5.0 (compatible; SemrushBot/7~bl; +http://www.semrush.com/bot.html)"
85.208.96.193 - - [29/Nov/2025:14:53:22 -0500] "GET /wp-includes/class.wp-scripts.php HTTP/1.1" 500 0 "-" "Mozilla/5.0 (compatible; SemrushBot/7~bl; +http://www.semrush.com/bot.html)"
85.208.96.210 - - [29/Nov/2025:14:54:08 -0500] "GET /robots.txt HTTP/1.1" 200 70 "-" "Mozilla/5.0 (compatible; SemrushBot/7~bl; +http://www.semrush.com/bot.html)"
185.191.171.9 - - [29/Nov/2025:14:54:08 -0500] "GET /wp-includes/class-wp-recovery-mode-email-service.php HTTP/1.1" 200 0 "-" "Mozilla/5.0 (compatible; SemrushBot/7~bl; +http://www.semrush.com/bot.html)"
185.191.171.3 - - [29/Nov/2025:14:55:15 -0500] "GET /wp-includes/class-wp-site.php HTTP/1.1" 200 0 "-" "Mozilla/5.0 (compatible; SemrushBot/7~bl; +http://www.semrush.com/bot.html)"
185.191.171.9 - - [29/Nov/2025:14:55:45 -0500] "GET /wp-includes/assets/ HTTP/1.1" 200 788 "-" "Mozilla/5.0 (compatible; SemrushBot/7~bl; +http://www.semrush.com/bot.html)"
185.191.171.2 - - [29/Nov/2025:14:55:46 -0500] "GET /wp-includes/bookmark.php HTTP/1.1" 200 0 "-" "Mozilla/5.0 (compatible; SemrushBot/7~bl; +http://www.semrush.com/bot.html)"
85.208.96.205 - - [29/Nov/2025:14:56:08 -0500] "GET /wp-includes/load.php HTTP/1.1" 200 0 "-" "Mozilla/5.0 (compatible; SemrushBot/7~bl; +http://www.semrush.com/bot.html)"
85.208.96.205 - - [29/Nov/2025:14:58:09 -0500] "GET /wp-includes/wp-db.php HTTP/1.1" 200 0 "-" "Mozilla/5.0 (compatible; SemrushBot/7~bl; +http://www.semrush.com/bot.html)"
185.191.171.18 - - [29/Nov/2025:14:58:47 -0500] "GET /robots.txt HTTP/1.1" 200 70 "-" "Mozilla/5.0 (compatible; SemrushBot/7~bl; +http://www.semrush.com/bot.html)"
85.208.96.195 - - [29/Nov/2025:14:58:48 -0500] "GET /wp-includes/class-wp-term.php HTTP/1.1" 200 0 "-" "Mozilla/5.0 (compatible; SemrushBot/7~bl; +http://www.semrush.com/bot.html)"
185.191.171.14 - - [29/Nov/2025:14:59:13 -0500] "GET /wp-includes/ID3/ HTTP/1.1" 200 1679 "-" "Mozilla/5.0 (compatible; SemrushBot/7~bl; +http://www.semrush.com/bot.html)"
185.191.171.4 - - [29/Nov/2025:14:59:16 -0500] "GET /wp-includes/feed-rdf.php HTTP/1.1" 500 0 "-" "Mozilla/5.0 (compatible; SemrushBot/7~bl; +http://www.semrush.com/bot.html)"
185.191.171.2 - - [29/Nov/2025:14:59:18 -0500] "GET /wp-includes/formatting.php HTTP/1.1" 200 0 "-" "Mozilla/5.0 (compatible; SemrushBot/7~bl; +http://www.semrush.com/bot.html)"
185.191.171.14 - - [29/Nov/2025:15:01:02 -0500] "GET /wp-includes/js/ HTTP/1.1" 200 4472 "-" "Mozilla/5.0 (compatible; SemrushBot/7~bl; +http://www.semrush.com/bot.html)"
185.191.171.18 - - [29/Nov/2025:15:02:06 -0500] "GET /wp-includes/class-walker-page.php HTTP/1.1" 500 0 "-" "Mozilla/5.0 (compatible; SemrushBot/7~bl; +http://www.semrush.com/bot.html)"
85.208.96.197 - - [29/Nov/2025:15:03:18 -0500] "GET /wp-includes/sodium_compat/ HTTP/1.1" 200 1353 "-" "Mozilla/5.0 (compatible; SemrushBot/7~bl; +http://www.semrush.com/bot.html)"
85.208.96.204 - - [29/Nov/2025:15:03:58 -0500] "GET /wp-includes/media-template.php HTTP/1.1" 200 0 "-" "Mozilla/5.0 (compatible; SemrushBot/7~bl; +http://www.semrush.com/bot.html)"
85.208.96.196 - - [29/Nov/2025:15:07:17 -0500] "GET /wp-includes/class-wp-post.php HTTP/1.1" 200 0 "-" "Mozilla/5.0 (compatible; SemrushBot/7~bl; +http://www.semrush.com/bot.html)"
185.191.171.10 - - [29/Nov/2025:15:07:27 -0500] "GET /wp-includes/class-wp-theme.php HTTP/1.1" 200 0 "-" "Mozilla/5.0 (compatible; SemrushBot/7~bl; +http://www.semrush.com/bot.html)"
85.208.96.210 - - [29/Nov/2025:15:07:42 -0500] "GET /wp-includes/class-wp-customize-control.php HTTP/1.1" 500 0 "-" "Mozilla/5.0 (compatible; SemrushBot/7~bl; +http://www.semrush.com/bot.html)"
85.208.96.206 - - [29/Nov/2025:15:07:49 -0500] "GET /wp-includes/class-wp-matchesmapregex.php HTTP/1.1" 200 0 "-" "Mozilla/5.0 (compatible; SemrushBot/7~bl; +http://www.semrush.com/bot.html)"
185.191.171.12 - - [29/Nov/2025:15:09:27 -0500] "GET /courses/organization-optimization-take-business-life-next-level/lessons/web-tools/topic/zoom/ HTTP/1.1" 403 0 "-" "Mozilla/5.0 (compatible; SemrushBot/7~bl; +http://www.semrush.com/bot.html)"
185.191.171.10 - - [29/Nov/2025:15:11:42 -0500] "GET /wp-includes/class-phpmailer.php HTTP/1.1" 200 0 "-" "Mozilla/5.0 (compatible; SemrushBot/7~bl; +http://www.semrush.com/bot.html)"
85.208.96.210 - - [29/Nov/2025:15:12:43 -0500] "GET /wp-includes/class-wp-site.php HTTP/1.1" 200 0 "-" "Mozilla/5.0 (compatible; SemrushBot/7~bl; +http://www.semrush.com/bot.html)"
185.191.171.19 - - [29/Nov/2025:15:13:13 -0500] "GET /wp-includes/ms-deprecated.php HTTP/1.1" 200 0 "-" "Mozilla/5.0 (compatible; SemrushBot/7~bl; +http://www.semrush.com/bot.html)"
85.208.96.210 - - [29/Nov/2025:15:14:58 -0500] "GET /wp-includes/class-wp-session-tokens.php HTTP/1.1" 200 0 "-" "Mozilla/5.0 (compatible; SemrushBot/7~bl; +http://www.semrush.com/bot.html)"
85.208.96.194 - - [29/Nov/2025:15:15:38 -0500] "GET /wp-includes/class-wp-block.php HTTP/1.1" 200 0 "-" "Mozilla/5.0 (compatible; SemrushBot/7~bl; +http://www.semrush.com/bot.html)"
195.2.84.178 - - [29/Nov/2025:15:16:19 -0500] "GET /addressing-the-common-legal-issues-of-podcasting/ HTTP/1.0" 200 83705 "http://nowakowskilaw.com/addressing-the-common-legal-issues-of-podcasting/" "Mozilla/5.0 (Windows NT 10.0; Win64; x64) AppleWebKit/537.36 (KHTML, like Gecko) Chrome/129.0.0.0 Safari/537.36"
195.2.84.178 - - [29/Nov/2025:15:16:20 -0500] "GET /contactez-nous HTTP/1.0" 200 83705 "http://nowakowskilaw.com/contactez-nous" "Mozilla/5.0 (Windows NT 10.0; Win64; x64) AppleWebKit/537.36 (KHTML, like Gecko) Chrome/129.0.0.0 Safari/537.36"
185.191.171.16 - - [29/Nov/2025:15:17:45 -0500] "GET /wp-includes/class-wp-customize-nav-menus.php HTTP/1.1" 200 0 "-" "Mozilla/5.0 (compatible; SemrushBot/7~bl; +http://www.semrush.com/bot.html)"
185.191.171.9 - - [29/Nov/2025:15:22:03 -0500] "GET /wp-includes/class.wp-scripts.php HTTP/1.1" 500 0 "-" "Mozilla/5.0 (compatible; SemrushBot/7~bl; +http://www.semrush.com/bot.html)"
185.191.171.3 - - [29/Nov/2025:15:22:18 -0500] "GET /wp-includes/taxonomy.php HTTP/1.1" 200 0 "-" "Mozilla/5.0 (compatible; SemrushBot/7~bl; +http://www.semrush.com/bot.html)"
185.191.171.9 - - [29/Nov/2025:15:22:20 -0500] "GET /wp-includes/class-wp-block-parser.php HTTP/1.1" 200 0 "-" "Mozilla/5.0 (compatible; SemrushBot/7~bl; +http://www.semrush.com/bot.html)"
85.208.96.200 - - [29/Nov/2025:15:24:59 -0500] "GET /wp-includes/update.php HTTP/1.1" 500 0 "-" "Mozilla/5.0 (compatible; SemrushBot/7~bl; +http://www.semrush.com/bot.html)"
85.208.96.202 - - [29/Nov/2025:15:25:35 -0500] "GET /wp-includes/bookmark-template.php HTTP/1.1" 200 0 "-" "Mozilla/5.0 (compatible; SemrushBot/7~bl; +http://www.semrush.com/bot.html)"
185.191.171.19 - - [29/Nov/2025:15:26:32 -0500] "GET /wp-admin/update-core.php HTTP/1.1" 403 0 "-" "Mozilla/5.0 (compatible; SemrushBot/7~bl; +http://www.semrush.com/bot.html)"
85.208.96.205 - - [29/Nov/2025:15:28:05 -0500] "GET /wp-includes/class-wp-ajax-response.php HTTP/1.1" 200 0 "-" "Mozilla/5.0 (compatible; SemrushBot/7~bl; +http://www.semrush.com/bot.html)"
185.191.171.15 - - [29/Nov/2025:15:28:29 -0500] "GET /wp-includes/certificates/ HTTP/1.1" 200 781 "-" "Mozilla/5.0 (compatible; SemrushBot/7~bl; +http://www.semrush.com/bot.html)"
85.208.96.203 - - [29/Nov/2025:15:31:40 -0500] "GET /wp-includes/class-wp-block-patterns-registry.php HTTP/1.1" 200 0 "-" "Mozilla/5.0 (compatible; SemrushBot/7~bl; +http://www.semrush.com/bot.html)"
85.208.96.208 - - [29/Nov/2025:15:32:18 -0500] "GET /wp-includes/feed-rss2.php HTTP/1.1" 500 0 "-" "Mozilla/5.0 (compatible; SemrushBot/7~bl; +http://www.semrush.com/bot.html)"
185.191.171.9 - - [29/Nov/2025:15:36:06 -0500] "GET /wp-includes/class-walker-category.php HTTP/1.1" 500 0 "-" "Mozilla/5.0 (compatible; SemrushBot/7~bl; +http://www.semrush.com/bot.html)"
157.55.39.58 - - [29/Nov/2025:15:38:11 -0500] "GET /products/8498811.html HTTP/1.1" 200 24319 "-" "Mozilla/5.0 AppleWebKit/537.36 (KHTML, like Gecko; compatible; bingbot/2.0; +http://www.bing.com/bingbot.htm) Chrome/116.0.1938.76 Safari/537.36"
65.55.210.247 - - [29/Nov/2025:15:38:19 -0500] "POST /cdn-cgi/rum? HTTP/1.1" 200 22464 "http://nowakowskilaw.com/products/8498811.html" "Mozilla/5.0 (Windows NT 10.0; Win64; x64) AppleWebKit/537.36 (KHTML, like Gecko) HeadlessChrome/136.0.7103.49 Safari/537.36"
185.191.171.1 - - [29/Nov/2025:15:41:18 -0500] "GET /wp-includes/theme.php HTTP/1.1" 200 0 "-" "Mozilla/5.0 (compatible; SemrushBot/7~bl; +http://www.semrush.com/bot.html)"
46.36.220.6 - - [29/Nov/2025:15:41:31 -0500] "HEAD /addressing-the-common-legal-issues-of-podcasting/ HTTP/1.1" 200 0 "-" "Mozilla/5.0 (X11; Linux x86_64) AppleWebKit/537.36 (KHTML, like Gecko) Chrome/138.0.0.0 Safari/537.36"
46.36.220.6 - - [29/Nov/2025:15:41:31 -0500] "GET /addressing-the-common-legal-issues-of-podcasting/ HTTP/1.1" 200 83705 "-" "Mozilla/5.0 (X11; Linux x86_64) AppleWebKit/537.36 (KHTML, like Gecko) Chrome/138.0.0.0 Safari/537.36"
185.191.171.15 - - [29/Nov/2025:15:41:35 -0500] "GET /wp-includes/revision.php HTTP/1.1" 200 0 "-" "Mozilla/5.0 (compatible; SemrushBot/7~bl; +http://www.semrush.com/bot.html)"
85.208.96.203 - - [29/Nov/2025:15:42:58 -0500] "GET /wp-includes/class-wp-customize-section.php HTTP/1.1" 500 0 "-" "Mozilla/5.0 (compatible; SemrushBot/7~bl; +http://www.semrush.com/bot.html)"
85.208.96.212 - - [29/Nov/2025:15:45:59 -0500] "GET /courses/legal-ins-and-outs-being-freelancer/lessons/module-3-structure-your-business-2/topic/the-pllc/ HTTP/1.1" 403 0 "-" "Mozilla/5.0 (compatible; SemrushBot/7~bl; +http://www.semrush.com/bot.html)"
185.191.171.12 - - [29/Nov/2025:15:47:05 -0500] "GET /wp-includes/class-wp-customize-setting.php HTTP/1.1" 500 0 "-" "Mozilla/5.0 (compatible; SemrushBot/7~bl; +http://www.semrush.com/bot.html)"
185.191.171.2 - - [29/Nov/2025:15:47:06 -0500] "GET /wp-includes/link-template.php HTTP/1.1" 200 0 "-" "Mozilla/5.0 (compatible; SemrushBot/7~bl; +http://www.semrush.com/bot.html)"
85.208.96.209 - - [29/Nov/2025:15:48:22 -0500] "GET /courses/legal-ins-and-outs-being-freelancer/lessons/module-6-all-about-ip/ HTTP/1.1" 403 0 "-" "Mozilla/5.0 (compatible; SemrushBot/7~bl; +http://www.semrush.com/bot.html)"
185.191.171.9 - - [29/Nov/2025:15:48:57 -0500] "GET /wp-includes/Requests/ HTTP/1.1" 200 1835 "-" "Mozilla/5.0 (compatible; SemrushBot/7~bl; +http://www.semrush.com/bot.html)"
185.191.171.9 - - [29/Nov/2025:15:49:38 -0500] "GET /wp-includes/class-wp-fatal-error-handler.php HTTP/1.1" 200 0 "-" "Mozilla/5.0 (compatible; SemrushBot/7~bl; +http://www.semrush.com/bot.html)"
85.208.96.205 - - [29/Nov/2025:15:52:51 -0500] "GET /wp-includes/rest-api.php HTTP/1.1" 200 0 "-" "Mozilla/5.0 (compatible; SemrushBot/7~bl; +http://www.semrush.com/bot.html)"
85.208.96.194 - - [29/Nov/2025:15:52:57 -0500] "GET /wp-includes/class-wp-object-cache.php HTTP/1.1" 200 0 "-" "Mozilla/5.0 (compatible; SemrushBot/7~bl; +http://www.semrush.com/bot.html)"
85.208.96.203 - - [29/Nov/2025:15:54:09 -0500] "GET /robots.txt HTTP/1.1" 200 70 "-" "Mozilla/5.0 (compatible; SemrushBot/7~bl; +http://www.semrush.com/bot.html)"
85.208.96.205 - - [29/Nov/2025:15:54:09 -0500] "GET /wp-includes/session.php HTTP/1.1" 500 0 "-" "Mozilla/5.0 (compatible; SemrushBot/7~bl; +http://www.semrush.com/bot.html)"
185.191.171.19 - - [29/Nov/2025:15:54:33 -0500] "GET /wp-includes/class-http.php HTTP/1.1" 500 0 "-" "Mozilla/5.0 (compatible; SemrushBot/7~bl; +http://www.semrush.com/bot.html)"
185.191.171.13 - - [29/Nov/2025:15:55:46 -0500] "GET /wp-includes/ms-blogs.php HTTP/1.1" 500 0 "-" "Mozilla/5.0 (compatible; SemrushBot/7~bl; +http://www.semrush.com/bot.html)"
185.191.171.3 - - [29/Nov/2025:15:56:34 -0500] "GET /wp-includes/admin-bar.php HTTP/1.1" 200 0 "-" "Mozilla/5.0 (compatible; SemrushBot/7~bl; +http://www.semrush.com/bot.html)"
85.208.96.198 - - [29/Nov/2025:15:57:18 -0500] "GET /wp-includes/revision.php HTTP/1.1" 200 0 "-" "Mozilla/5.0 (compatible; SemrushBot/7~bl; +http://www.semrush.com/bot.html)"
46.161.5.197 - - [29/Nov/2025:15:57:29 -0500] "GET /addressing-the-common-legal-issues-of-podcasting/ HTTP/1.0" 200 83705 "http://nowakowskilaw.com/addressing-the-common-legal-issues-of-podcasting/#comment-33260" "Mozilla/5.0 (Windows NT 10.0; Win64; x64) AppleWebKit/537.36 (KHTML, like Gecko) Chrome/131.0.0.0 Safari/537.36"
185.191.171.7 - - [29/Nov/2025:15:57:40 -0500] "GET /wp-includes/feed-rss2-comments.php HTTP/1.1" 500 0 "-" "Mozilla/5.0 (compatible; SemrushBot/7~bl; +http://www.semrush.com/bot.html)"
185.191.171.5 - - [29/Nov/2025:15:57:52 -0500] "GET /courses/the-legal-ins-and-outs-of-starting-an-online-business/lessons/module-4-the-most-important-legal-protections-to-start-with/topic/lesson-25-marketing-activities/ HTTP/1.1" 403 0 "-" "Mozilla/5.0 (compatible; SemrushBot/7~bl; +http://www.semrush.com/bot.html)"
185.191.171.15 - - [29/Nov/2025:15:59:35 -0500] "GET /wp-includes/ms-load.php HTTP/1.1" 200 0 "-" "Mozilla/5.0 (compatible; SemrushBot/7~bl; +http://www.semrush.com/bot.html)"
85.208.96.207 - - [29/Nov/2025:16:00:05 -0500] "GET /robots.txt HTTP/1.1" 200 70 "-" "Mozilla/5.0 (compatible; SemrushBot/7~bl; +http://www.semrush.com/bot.html)"
85.208.96.200 - - [29/Nov/2025:16:00:05 -0500] "GET /courses/legal-ins-and-outs-being-freelancer/lessons/module-7-get-and-stay-organized/ HTTP/1.1" 403 0 "-" "Mozilla/5.0 (compatible; SemrushBot/7~bl; +http://www.semrush.com/bot.html)"
185.191.171.13 - - [29/Nov/2025:16:00:39 -0500] "GET /wp-includes/cache.php HTTP/1.1" 500 0 "-" "Mozilla/5.0 (compatible; SemrushBot/7~bl; +http://www.semrush.com/bot.html)"
85.208.96.208 - - [29/Nov/2025:16:02:36 -0500] "GET /wp-includes/author-template.php HTTP/1.1" 200 0 "-" "Mozilla/5.0 (compatible; SemrushBot/7~bl; +http://www.semrush.com/bot.html)"
185.191.171.8 - - [29/Nov/2025:16:02:38 -0500] "GET /wp-includes/PHPMailer/ HTTP/1.1" 200 882 "-" "Mozilla/5.0 (compatible; SemrushBot/7~bl; +http://www.semrush.com/bot.html)"
185.191.171.10 - - [29/Nov/2025:16:03:23 -0500] "GET /wp-includes/widgets/ HTTP/1.1" 200 1856 "-" "Mozilla/5.0 (compatible; SemrushBot/7~bl; +http://www.semrush.com/bot.html)"
185.191.171.16 - - [29/Nov/2025:16:04:37 -0500] "GET /wp-includes/category.php HTTP/1.1" 200 0 "-" "Mozilla/5.0 (compatible; SemrushBot/7~bl; +http://www.semrush.com/bot.html)"
221.0.198.237 - - [29/Nov/2025:16:07:50 -0500] "GET /how-is-personal-data-defined-under-the-new-gdpr-provisions/ HTTP/1.1" 200 19245 "-" "Mozilla/5.0 (Macintosh; Intel Mac OS X 12_5) AppleWebKit/537.36 (KHTML, like Gecko) Chrome/114.0.0.0 YaBrowser/22.7.0 Yowser/2.5 Safari/537.36"
185.191.171.2 - - [29/Nov/2025:16:09:06 -0500] "GET /wp-includes/class-wp-simplepie-sanitize-kses.php HTTP/1.1" 500 0 "-" "Mozilla/5.0 (compatible; SemrushBot/7~bl; +http://www.semrush.com/bot.html)"
85.208.96.205 - - [29/Nov/2025:16:12:34 -0500] "GET /wp-includes/random_compat/ HTTP/1.1" 200 1433 "-" "Mozilla/5.0 (compatible; SemrushBot/7~bl; +http://www.semrush.com/bot.html)"
85.208.96.205 - - [29/Nov/2025:16:14:06 -0500] "GET /wp-includes/kses.php HTTP/1.1" 200 0 "-" "Mozilla/5.0 (compatible; SemrushBot/7~bl; +http://www.semrush.com/bot.html)"
185.191.171.12 - - [29/Nov/2025:16:14:50 -0500] "GET /wp-includes/css/ HTTP/1.1" 200 2305 "-" "Mozilla/5.0 (compatible; SemrushBot/7~bl; +http://www.semrush.com/bot.html)"
185.191.171.18 - - [29/Nov/2025:16:16:24 -0500] "GET /wp-includes/class-wp-oembed-controller.php HTTP/1.1" 200 0 "-" "Mozilla/5.0 (compatible; SemrushBot/7~bl; +http://www.semrush.com/bot.html)"
185.191.171.14 - - [29/Nov/2025:16:18:47 -0500] "GET /wp-includes/comment-template.php HTTP/1.1" 200 0 "-" "Mozilla/5.0 (compatible; SemrushBot/7~bl; +http://www.semrush.com/bot.html)"
85.208.96.199 - - [29/Nov/2025:16:22:14 -0500] "GET /wp-includes/class-wp-block-type-registry.php HTTP/1.1" 200 0 "-" "Mozilla/5.0 (compatible; SemrushBot/7~bl; +http://www.semrush.com/bot.html)"
